ple of 40?
False
Is 27348266 a multiple of 517?
True
Does 20 divide 1833231800?
True
Does 53 divide 80261780?
False
Does 19 divide 35976405?
True
Is 182 a factor of 88289535?
False
Does 182 divide 3441438?
True
Does 3 divide 46674680?
False
Does 322 divide 1876521807?
False
Does 2676 divide 64084848?
True
Does 53 divide 1310548187?
False
Does 984 divide 741672288?
True
Is 1641736711 a multiple of 71?
False
Is 5 a factor of 50340576?
False
Does 19 divide 7661579?
True
Does 71 divide 210797930?
False
Is 32310512 a multiple of 16?
True
Is 4801576 a multiple of 8?
True
Does 4 divide 30461476?
True
Is 147 a factor of 6549272?
False
Does 103 divide 51983173?
True
Does 36 divide 1295460?
True
Is 41128515 a multiple of 2253?
True
Does 37 divide 2770842088?
True
Is 792 a factor of 1840271457?
False
Is 292 a factor of 21913432?
True
Is 38856971 a multiple of 224?
False
Is 1446 a factor of 12320161?
False
Is 5431763837 a multiple of 2364?
False
Is 417 a factor of 118301232?
True
Is 153459335 a multiple of 27?
False
Is 5087 a factor of 752779347?
True
Is 920043100 a multiple of 67?
False
Is 73 a factor of 13863284?
True
Is 271 a factor of 30489939?
True
Is 138702564 a multiple of 2374?
False
Is 2977 a factor of 70349258?
False
Is 15 a factor of 1368701295?
True
Is 4357067064 a multiple of 294?
True
Is 20061396 a multiple of 1653?
False
Is 563 a factor of 14787195?
True
Is 136842860 a multiple of 604?
False
Is 1558 a factor of 64303334?
True
Is 121678128 a multiple of 11?
True
Is 47965080 a multiple of 1040?
False
Does 89 divide 37204136?
True
Does 943 divide 246451164?
True
Is 12 a factor of 569020848?
True
Is 120786511 a multiple of 20?
False
Is 495812120 a multiple of 1660?
True
Is 2413243 a multiple of 56?
False
Is 1730671189 a multiple of 13?
True
Is 5004283 a multiple of 7?
False
Is 526 a factor of 38488869?
False
Does 19 divide 67185636?
False
Is 9514050 a multiple of 30?
True
Does 389 divide 1362254939?
False
Does 81 divide 43730280?
True
Is 205027047 a multiple of 2355?
False
Does 57 divide 106231983?
True
Does 37 divide 90788157?
False
Is 14681925 a multiple of 227?
False
Does 719 divide 1141135604?
False
Does 293 divide 938858435?
True
Is 1362 a factor of 993564018?
True
Does 7 divide 859028419?
False
Does 2644 divide 25854036?
False
Does 536 divide 750375344?
True
Does 106 divide 172128391?
False
Is 395 a factor of 19262378?
False
Is 13 a factor of 180282711?
False
Is 450033198 a multiple of 3057?
True
Is 80 a factor of 6054977360?
True
Is 35278817 a multiple of 98?
False
Is 2729 a factor of 983257397?
False
Does 3264 divide 648024768?
True
Is 84305581 a multiple of 528?
False
Is 47560002 a multiple of 19?
True
Does 536 divide 9597080?
True
Is 30761100 a multiple of 60?
True
Is 284 a factor of 196091492?
True
Is 152530828 a multiple of 284?
False
Does 350 divide 861135573?
False
Does 3714 divide 5253644459?
False
Does 4104 divide 318831552?
True
Is 6953056 a multiple of 16?
True
Is 10 a factor of 80109380?
True
Is 8246190 a multiple of 230?
True
Is 1246258234 a multiple of 4521?
False
Is 194687670 a multiple of 64?
False
Does 211 divide 651403?
False
Is 84099216 a multiple of 35?
False
Is 14 a factor of 3658650604?
True
Does 875 divide 47088396?
False
Is 33 a factor of 33672936?
True
Is 703597897 a multiple of 64?
False
Does 15 divide 2429940?
True
Is 89811796 a multiple of 16?
False
Does 240 divide 43228027?
False
Is 174092776 a multiple of 88?
True
Is 111180480 a multiple of 96?
True
Does 1292 divide 51562428?
True
Does 22 divide 1721886180?
False
Does 38 divide 39352952?
True
Is 1178676741 a multiple of 3897?
False
Is 458679390 a multiple of 10?
True
Is 15 a factor of 425002?
False
Is 46271355 a multiple of 13?
True
Does 127 divide 2157251054?
False
Is 6677627120 a multiple of 10?
True
Is 36483174 a multiple of 117?
True
Does 686 divide 354773913?
False
Does 328 divide 104050456?
True
Is 570401753 a multiple of 1755?
False
Is 36852146 a multiple of 12?
False
Is 90 a factor of 214451730?
True
Does 30 divide 11410827?
False
Does 43 divide 43343183?
True
Is 6 a factor of 1186019933?
False
Is 13265347 a multiple of 32?
False
Is 205501248 a multiple of 351?
False
Is 410 a factor of 7753271?
False
Is 7093870 a multiple of 10?
True
Does 33 divide 20450166?
True
Does 60 divide 160013820?
True
Is 1050598880 a multiple of 40?
True
Is 4478020055 a multiple of 10?
False
Is 303 a factor of 200234520?
True
Is 4895 a factor of 67342385?
False
Is 160414015 a multiple of 3?
False
Is 80 a factor of 13598853?
False
Is 52585990 a multiple of 10?
True
Does 46 divide 3153724?
False
Does 1431 divide 24869349?
True
Does 92 divide 118131288?
False
Is 968 a factor of 14284776?
True
Is 494 a factor of 759769530?
True
Is 948 a factor of 442425447?
False
Is 92 a factor of 7870124?
False
Is 58 a factor of 28753094?
True
Is 239001278 a multiple of 6?
False
Does 416 divide 262140837?
False
Is 498318316 a multiple of 4376?
False
Is 369 a factor of 40330397?
False
Is 29 a factor of 32269111?
False
Is 179491286 a multiple of 5317?
True
Is 304 a factor of 108133104?
True
Is 61 a factor of 195170441?
False
Is 60230808 a multiple of 33?
True
Is 2943657060 a multiple of 21?
False
Does 4 divide 32032790?
False
Is 22 a factor of 27347012?
True
Is 65288687 a multiple of 20?
False
Is 599380 a multiple of 2606?
True
Does 4 divide 10438637?
False
Is 4110 a factor of 135416280?
True
Does 245 divide 1086128065?
False
Does 6 divide 139781673?
False
Is 7511 a factor of 818703552?
False
Does 130 divide 374890113?
False
Is 23987656 a multiple of 80?
False
Is 644 a factor of 34689060?
True
Is 62 a factor of 18389928?
False
Is 423112734 a multiple of 81?
True
Is 4237234903 a multiple of 31?
False
Does 364 divide 55609008?
True
Is 251 a factor of 1008935413?
True
Is 1953929368 a multiple of 410?
False
Is 328437299 a multiple of 24?
False
Is 1085091019 a multiple of 22?
False
Does 496 divide 5921720?
False
Is 188095489 a multiple of 301?
False
Is 103 a factor of 869057786?
False
Is 1489 a factor of 175779610?
False
Is 6750947633 a multiple of 3549?
False
Is 94 a factor of 123207868?
True
Does 3 divide 11777238?
True
Is 307728900 a multiple of 85?
True
Is 19 a factor of 311591279?
True
Does 17 divide 33227965?
False
Is 213173662 a multiple of 36?
False
Does 50 divide 2923763149?
False
Is 104669300 a multiple of 240?
False
Is 152418755 a multiple of 2827?
False
Does 2704 divide 444366684?
False
Is 6 a factor of 334547859?
False
Does 35 divide 1784353270?
True
Is 9804625 a multiple of 228?
False
Is 72 a factor of 420696?
True
Is 251908963 a multiple of 3542?
False
Is 8 a factor of 318523480?
True
Is 13170092 a multiple of 233?
True
Is 598 a factor of 97097279?
False
Is 663181521 a multiple of 19?
False
Is 24119794 a multiple of 52?
False
Is 108 a factor of 368889768?
True
Does 89 divide 416779859?
False
Is 201369945 a multiple of 2266?
False
Is 31 a factor of 81150627?
False
Is 117070490 a multiple of 1509?
False
Is 1823848584 a multiple of 6772?
True
Does 3688 divide 812138168?
True
Does 3191 divide 72812238?
True
Is 1337 a factor of 281740662?
True
Is 1276 a factor of 1539790954?
False
Is 68 a factor of 11202728?
True
Is 183 a factor of 2526206115?
True
Is 9 a factor of 5428512?
True
Does 193 divide 89357106?
False
Does 758 divide 49576232?
True
Is 75122852 a multiple of 3164?
True
Is 1397929610 a multiple of 14?
True
Does 13 divide 3801473?
True
Does 52 divide 39197184?
True
Is 2254 a factor of 73209347?
False
Is 1520 a factor of 57334400?
True
Is 2105492 a multiple of 10?
False
Is 116567431 a multiple of 43?
False
Is 145 a factor of 36942230?
True
Is 174411057 a multiple of 2085?
False
Is 305 a factor of 15549815?
True
Is 51104353 a multiple of 200?
False
Does 795 divide 37182625?
False
Is 32565575 a multiple of 4?
False
Is 527721381 a multiple of 1191?
True
Is 237262788 a multiple of 12?
True
Is 15 a factor of 16594826?
False
Is 23 a factor of 61334080?
False
Is 16572463 a multiple of 265?
False
Is 55184247 a multiple of 74?
False
Does 1155 divide 1995761234?
False
Does 1473 divide 590673?
True
Does 8 divide 85425816?
True
Does 5410 divide 1490157450?
True
Is 927 a factor of 110210423?
False
Does 4 divide 6943752?
True
Does 26 divide 155745528?
False
Is 682631213 a multiple of 3?
False
Is